digit of 4572929712?
7
What is the hundreds digit of 249566974?
9
What is the tens digit of 911391545?
4
What is the hundreds digit of 84255449?
4
What is the thousands digit of 130134572?
4
What is the ten millions digit of 29853006?
2
What is the ten millions digit of 185229491?
8
What is the thousands digit of 970930617?
0
What is the tens digit of 1752475905?
0
What is the hundred thousands digit of 38866156?
8
What is the ten millions digit of 121863947?
2
What is the hundred thousands digit of 2472358669?
3
What is the thousands digit of 36366340?
6
What is the ten millions digit of 152928525?
5
What is the millions digit of 9982237?
9
What is the thousands digit of 106276135?
6
What is the ten thousands digit of 822049596?
4
What is the tens digit of 1022353520?
2
What is the units digit of 594252034?
4
What is the units digit of 38637498?
8
What is the hundred thousands digit of 59138007?
1
What is the ten millions digit of 842298870?
4
What is the hundred thousands digit of 28114746?
1
What is the units digit of 4490705?
5
What is the millions digit of 90415631?
0
What is the thousands digit of 661441686?
1
What is the billions digit of 1247779927?
1
What is the hundred thousands digit of 27581739?
5
What is the millions digit of 249801278?
9
What is the ten thousands digit of 4076937182?
3
What is the ten millions digit of 3888058802?
8
What is the hundred thousands digit of 100871007?
8
What is the hundreds digit of 521503625?
6
What is the thousands digit of 536050800?
0
What is the tens digit of 28430604?
0
What is the ten millions digit of 66221044?
6
What is the millions digit of 1192393498?
2
What is the tens digit of 514594525?
2
What is the billions digit of 1267910635?
1
What is the ten thousands digit of 52664193?
6
What is the units digit of 97667060?
0
What is the ten thousands digit of 87809342?
0
What is the hundred millions digit of 563500645?
5
What is the ten thousands digit of 27038347?
3
What is the hundred millions digit of 1936416237?
9
What is the millions digit of 719555578?
9
What is the thousands digit of 26934912?
4
What is the ten thousands digit of 301691418?
9
What is the ten millions digit of 160553701?
6
What is the hundred millions digit of 604420287?
6
What is the ten millions digit of 411637899?
1
What is the ten millions digit of 244020454?
4
What is the ten thousands digit of 607114124?
1
What is the hundreds digit of 103644583?
5
What is the hundreds digit of 117074976?
9
What is the ten thousands digit of 210739873?
3
What is the millions digit of 488027405?
8
What is the ten thousands digit of 185557002?
5
What is the tens digit of 4708639629?
2
What is the hundred thousands digit of 57711702?
7
What is the ten millions digit of 19605133?
1
What is the ten thousands digit of 71071412?
7
What is the tens digit of 267911?
1
What is the ten thousands digit of 2196846752?
4
What is the ten millions digit of 227573927?
2
What is the tens digit of 1907492821?
2
What is the units digit of 156884603?
3
What is the thousands digit of 7256989560?
9
What is the millions digit of 6519447?
6
What is the thousands digit of 1649236300?
6
What is the ten thousands digit of 88139366?
3
What is the hundred thousands digit of 108192990?
1
What is the hundreds digit of 1568423191?
1
What is the hundreds digit of 429409565?
5
What is the thousands digit of 118475456?
5
What is the ten millions digit of 1001660761?
0
What is the millions digit of 87029115?
7
What is the hundreds digit of 57634225?
2
What is the millions digit of 1739202026?
9
What is the ten millions digit of 14556786?
1
What is the hundreds digit of 983227239?
2
What is the ten thousands digit of 76890606?
9
What is the hundred millions digit of 1334145888?
3
What is the millions digit of 14357607?
4
What is the units digit of 229852126?
6
What is the hundred millions digit of 579780313?
5
What is the hundred millions digit of 791185631?
7
What is the thousands digit of 448752590?
2
What is the tens digit of 60057730?
3
What is the ten millions digit of 15658627?
1
What is the ten thousands digit of 1127807070?
0
What is the tens digit of 409712398?
9
What is the ten millions digit of 258397114?
5
What is the millions digit of 1136421553?
6
What is the hundred millions digit of 2061913199?
0
What is the thousands digit of 46107812?
7
What is the hundred millions digit of 110058824?
1
What is the tens digit of 2864968792?
9
What is the hundred millions digit of 614863273?
6
What is the thousands digit of 27269665?
9
What is the thousands digit of 5853348802?
8
What is the tens digit of 8419902?
0
What is the thousands digit of 394673603?
3
What is the hundreds digit of 50530586?
5
What is the thousands digit of 48305644?
5
What is the units digit of 304186755?
5
What is the hundreds digit of 441421602?
6
What is the hundreds digit of 675313201?
2
What is the hundred thousands digit of 101616604?
6
What is the tens digit of 1227983845?
4
What is the thousands digit of 506460127?
0
What is the hundreds digit of 2123962746?
7
What is the units digit of 78595740?
0
What is the thousands digit of 38773773?
3
What is the ten millions digit of 15025859?
1
What is the units digit of 5581694470?
0
What is the hundreds digit of 35670323?
3
What is the hundreds digit of 5920290544?
5
What is the hundreds digit of 60918414?
4
What is the ten millions digit of 224877954?
2
What is the tens digit of 614482522?
2
What is the hundreds digit of 55490208?
2
What is the ten millions digit of 3386783948?
8
What is the hundreds digit of 151191737?
7
What is the hundreds digit of 79916722?
7
What is the billions digit of 2513034537?
2
What is the ten millions digit of 1942489171?
4
What is the tens digit of 254855848?
4
What is the hundred millions digit of 4501425795?
5
What is the tens digit of 9482797?
9
What is the ten thousands digit of 1417111014?
1
What is the ten millions digit of 68559798?
6
What is the units digit of 4039340?
0
What is the ten thousands digit of 916490741?
9
What is the hundred thousands digit of 34157046?
1
What is the thousands digit of 1188844649?
4
What is the hundred thousands digit of 4087290194?
2
What is the hundred thousands digit of 17676364?
6
What is the millions digit of 154062567?
4
What is the thousands digit of 32329448?
9
What is the tens digit of 71684012?
1
What is the billions digit of 3652927268?
3
What is the billions digit of 2160215931?
2
What is the hundred thousands digit of 136164725?
1
What is the millions digit of 28029553?
8
What is the millions digit of 24188140?
4
What is the hundred millions digit of 604901102?
6
What is the units digit of 4630881718?
8
What is the units digit of 7426176853?
3
What is the hundreds digit of 75259865?
8
What is the billions digit of 3978443499?
3
What is the units digit of 107296827?
7
What is the billions digit of 1336808356?
1
What is the millions digit of 34637757?
4
What is the thousands digit of 396421843?
1
What is the hundred millions digit of 232423401?
2
What is the thousands digit of 4491458?
1
What is the hundred thousands digit of 385198053?
1
What is the tens digit of 47996055?
5
What is the ten millions digit of 53639341?
5
What is the units digit of 17233338?
8
What is the tens digit of 101136402?
0
What is the thousands digit of 28713924?
3
What is the units digit of 77903141?
1
What is the hundred millions digit of 102522882?
1
What is the thousands digit of 3329255767?
5
What is the hundreds digit of 968082326?
3
What is the hundred thousands digit of 2522213778?
2
What is the hundred thousands digit of 145605391?
6
What is the units digit of 528690902?
2
What is the hundred thousands digit of 359625106?
6
What is the hundreds digit of 31598339?
3
What is the ten thousands digit of 177853446?
5
What is the hundreds digit of 343697324?
3
What is the hundreds digit of 107224587?
5
What is the tens digit of 463750238?
3
What is the hundred thousands digit of 286938020?
9
What is the ten thousands digit of 18634836?
3
What is the thousands digit of 16632896?
2
What is the tens digit of 1118960296?
9
What is the millions digit of 25078149?
5
What is the hundred thousands digit of 255326560?
3
What is the hundreds digit of 18648215?
2
What is the billions digit of 